{"id":11401,"date":"2022-04-15T11:58:17","date_gmt":"2022-04-15T09:58:17","guid":{"rendered":"https:\/\/www.edenbretignolles.com\/gute-gruende-fuer-einen-besuch-auf-dem-campingplatz-eden"},"modified":"2022-04-20T15:39:36","modified_gmt":"2022-04-20T13:39:36","slug":"gute-gruende-fuer-einen-besuch-auf-dem-campingplatz-eden","status":"publish","type":"page","link":"https:\/\/www.edenbretignolles.com\/de\/gute-gruende-fuer-einen-besuch-auf-dem-campingplatz-eden\/","title":{"rendered":"Gute Gr\u00fcnde f\u00fcr einen Besuch auf dem Campingplatz Eden"},"content":{"rendered":"\n<div class=\"wp-block-media-text alignwide is-stacked-on-mobile\" style=\"grid-template-columns:40% auto\"><figure class=\"wp-block-media-text__media\"><img loading=\"lazy\" decoding=\"async\" width=\"1024\" height=\"683\" src=\"https:\/\/www.edenbretignolles.com\/wp-content\/uploads\/2019\/03\/A-lOree-des-Fees-Camping-lEden-53-1024x683.jpg\" alt=\"\" class=\"wp-image-1622 size-full\" srcset=\"https:\/\/www.edenbretignolles.com\/wp-content\/uploads\/2019\/03\/A-lOree-des-Fees-Camping-lEden-53-1024x683.jpg 1024w, https:\/\/www.edenbretignolles.com\/wp-content\/uploads\/2019\/03\/A-lOree-des-Fees-Camping-lEden-53-300x200.jpg 300w, https:\/\/www.edenbretignolles.com\/wp-content\/uploads\/2019\/03\/A-lOree-des-Fees-Camping-lEden-53-768x512.jpg 768w, https:\/\/www.edenbretignolles.com\/wp-content\/uploads\/2019\/03\/A-lOree-des-Fees-Camping-lEden-53.jpg 1500w\" sizes=\"auto, (max-width: 1024px) 100vw, 1024px\" \/><\/figure><div class=\"wp-block-media-text__content\">\n<h2 class=\"wp-block-heading\" id=\"les-emplacements\">Gro\u00dfz\u00fcgige Stellpl\u00e4tze in der Vend\u00e9e<\/h2>\n\n\n\n<p>Die Gr\u00f6\u00dfe der Stellpl\u00e4tze ist sicherlich einer der ersten Pluspunkte des Campingplatzes L&#8217;EDEN mit einer<strong> durchschnittlichen Gr\u00f6\u00dfe von 160m2<\/strong>. Zusammen mit dem Komfort Ihres Mobilheims sorgen die <strong>ger\u00e4umigen Stellpl\u00e4tze<\/strong>, die <strong>durch hohe Hecken abgegrenzt<\/strong> sind, daf\u00fcr, dass Sie sich wie zu Hause f\u00fchlen.<\/p>\n<\/div><\/div>\n\n<div class=\"wp-block-media-text alignwide has-media-on-the-right is-stacked-on-mobile\" style=\"grid-template-columns:auto 40%\"><figure class=\"wp-block-media-text__media\"><img loading=\"lazy\" decoding=\"async\" width=\"1022\" height=\"768\" src=\"https:\/\/www.edenbretignolles.com\/wp-content\/uploads\/2022\/02\/la-sauzaie-bretignolles-sur-mer-P1170219-2.jpg\" alt=\"\" class=\"wp-image-9991 size-full\" srcset=\"https:\/\/www.edenbretignolles.com\/wp-content\/uploads\/2022\/02\/la-sauzaie-bretignolles-sur-mer-P1170219-2.jpg 1022w, https:\/\/www.edenbretignolles.com\/wp-content\/uploads\/2022\/02\/la-sauzaie-bretignolles-sur-mer-P1170219-2-300x225.jpg 300w, https:\/\/www.edenbretignolles.com\/wp-content\/uploads\/2022\/02\/la-sauzaie-bretignolles-sur-mer-P1170219-2-768x577.jpg 768w\" sizes=\"auto, (max-width: 1022px) 100vw, 1022px\" \/><\/figure><div class=\"wp-block-media-text__content\">\n<h2 class=\"wp-block-heading\" id=\"sa-localisation\">Seine Lage: in der N\u00e4he der sch\u00f6nsten Str\u00e4nde der Vend\u00e9e<\/h2>\n\n\n\n<p>Seine Lage im Herzen von Br\u00e9tignolles, <strong>350 m vom Stadtzentrum<\/strong> und den Gesch\u00e4ften und <strong>900 m vom <a href=\"https:\/\/www.edenbretignolles.com\/de\/die-straende-von-bretignolles-sur-mer\" data-type=\"page\" data-id=\"188\">Strand<\/a><\/strong> entfernt, ist ebenfalls ein unbestreitbarer Vorteil. Sie k\u00f6nnen alles zu Fu\u00df oder mit dem Fahrrad erledigen und Ihr Auto f\u00fcr die Dauer Ihres Aufenthalts v\u00f6llig vergessen.<\/p>\n<\/div><\/div>\n\n<div class=\"wp-block-media-text alignwide is-stacked-on-mobile\" style=\"grid-template-columns:40% auto\"><figure class=\"wp-block-media-text__media\"><img loading=\"lazy\" decoding=\"async\" width=\"1024\" height=\"683\" src=\"https:\/\/www.edenbretignolles.com\/wp-content\/uploads\/2017\/02\/Eden2014_005-1024x683.jpg\" alt=\"Location mobil-home et emplacements spacieux au Camping L'EDEN\" class=\"wp-image-1071 size-full\"\/><\/figure><div class=\"wp-block-media-text__content\">\n<h2 class=\"wp-block-heading\" id=\"son-calme-et-sa-securite\">Seine Ruhe und Sicherheit<\/h2>\n\n\n\n<p>Eine famili\u00e4re Struktur mit <strong>menschlicher Gr\u00f6\u00dfe<\/strong> und 74 Stellpl\u00e4tzen auf 2,5 Hektar. Die Ruhe auf dem Campingplatz L&#8217;EDEN ist garantiert. Ihre Kinder k\u00f6nnen in aller Ruhe auf den Wegen Fahrrad fahren und auf dem Spielplatz des Campingplatzes in aller Sicherheit mit ihren Freunden spielen.<\/p>\n<\/div><\/div>\n\n<div class=\"wp-block-media-text alignwide has-media-on-the-right is-stacked-on-mobile\" style=\"grid-template-columns:auto 40%\"><figure class=\"wp-block-media-text__media\"><img loading=\"lazy\" decoding=\"async\" width=\"1024\" height=\"683\" src=\"https:\/\/www.edenbretignolles.com\/wp-content\/uploads\/2020\/12\/A-lOree-des-Fees-Camping-lEden-22-1024x683.jpg\" alt=\"Camping avec emplacements spacieux \u00e0 Br\u00e9tignolles sur Mer\" class=\"wp-image-5194 size-full\" srcset=\"https:\/\/www.edenbretignolles.com\/wp-content\/uploads\/2020\/12\/A-lOree-des-Fees-Camping-lEden-22-1024x683.jpg 1024w, https:\/\/www.edenbretignolles.com\/wp-content\/uploads\/2020\/12\/A-lOree-des-Fees-Camping-lEden-22-300x200.jpg 300w, https:\/\/www.edenbretignolles.com\/wp-content\/uploads\/2020\/12\/A-lOree-des-Fees-Camping-lEden-22-768x512.jpg 768w, https:\/\/www.edenbretignolles.com\/wp-content\/uploads\/2020\/12\/A-lOree-des-Fees-Camping-lEden-22.jpg 1500w\" sizes=\"auto, (max-width: 1024px) 100vw, 1024px\" \/><\/figure><div class=\"wp-block-media-text__content\">\n<h2 class=\"wp-block-heading\" id=\"sa-large-gamme-de-mobil-homes-en-2-et-3-chambres\">Seine gro\u00dfe Auswahl an Mobilheimen mit 2 und 3 Schlafzimmern<\/h2>\n\n\n\n<p>Auf dem Campingplatz L&#8217;EDEN bieten wir Ihnen insgesamt 4 Kategorien f\u00fcr die Vermietung von Mobilheimen mit 2 Schlafzimmern und 3 Kategorien f\u00fcr Mobilheime mit 3 Schlafzimmern an. Sie werden auf jeden Fall eine finden, die <strong>Ihren W\u00fcnschen und Ihrem Budget entspricht<\/strong>.<\/p>\n<\/div><\/div>\n\n<div class=\"wp-block-media-text alignwide is-stacked-on-mobile\" style=\"grid-template-columns:40% auto\"><figure class=\"wp-block-media-text__media\"><img loading=\"lazy\" decoding=\"async\" width=\"1024\" height=\"682\" src=\"https:\/\/www.edenbretignolles.com\/wp-content\/uploads\/2022\/01\/velo_promenade_amis_st_miche-1.jpg\" alt=\"Fahrradtour in der N\u00e4he des Campingplatzes\" class=\"wp-image-9887 size-full\" srcset=\"https:\/\/www.edenbretignolles.com\/wp-content\/uploads\/2022\/01\/velo_promenade_amis_st_miche-1.jpg 1024w, https:\/\/www.edenbretignolles.com\/wp-content\/uploads\/2022\/01\/velo_promenade_amis_st_miche-1-300x200.jpg 300w, https:\/\/www.edenbretignolles.com\/wp-content\/uploads\/2022\/01\/velo_promenade_amis_st_miche-1-768x512.jpg 768w\" sizes=\"auto, (max-width: 1024px) 100vw, 1024px\" \/><\/figure><div class=\"wp-block-media-text__content\">\n<h2 class=\"wp-block-heading\" id=\"les-pistes-cyclables-en-acces-direct-du-camping\">Fahrradwege mit direktem Zugang vom Campingplatz aus<\/h2>\n\n\n\n<p>Vom Campingplatz L&#8217;EDEN aus haben Sie <strong>direkten Zugang zu<a href=\"https:\/\/www.edenbretignolles.com\/de\/erleben-sie-eine-sportliche-erfahrung\">Rad-<\/a><\/strong>und Wanderwegen.<br\/>Radfahren und Wandern sind sanfte Aktivit\u00e4ten, die von Gro\u00df und Klein ausge\u00fcbt werden k\u00f6nnen. Nutzen Sie 12 km markierte Radwege am Meer und entdecken Sie die Landschaft von Br\u00e9tignollaise.<br\/>Sie haben die M\u00f6glichkeit, bis nach <a href=\"https:\/\/www.edenbretignolles.com\/de\/saint-gilles-croix-de-vie\" data-type=\"page\" data-id=\"544\">St. Gilles Croix de Vie<\/a> oder <a href=\"https:\/\/www.edenbretignolles.com\/de\/les-sables-dolonne\" data-type=\"page\" data-id=\"546\">Les Sables d&#8217;Olonne<\/a> zu fahren und dabei <strong>nicht nur am Meer, sondern auch an S\u00fcmpfen und W\u00e4ldern entlang<\/strong>zu wandern&#8230;<br\/>Sie haben keinen Platz in Ihrem Fahrzeug, um Ihre Fahrr\u00e4der mitzunehmen? Keine Sorge, <strong>in der N\u00e4he des Campingplatzes L&#8217;EDEN gibt es<\/strong>einen <strong>Fahrradverleih<\/strong>.<\/p>\n<\/div><\/div>\n\n<div class=\"wp-block-media-text alignwide has-media-on-the-right is-stacked-on-mobile\" style=\"grid-template-columns:auto 40%\"><figure class=\"wp-block-media-text__media\"><img loading=\"lazy\" decoding=\"async\" width=\"800\" height=\"622\" src=\"https:\/\/www.edenbretignolles.com\/wp-content\/uploads\/2022\/01\/PiscineEden06.jpg\" alt=\"Baden auf dem Campingplatz\" class=\"wp-image-9837 size-full\" srcset=\"https:\/\/www.edenbretignolles.com\/wp-content\/uploads\/2022\/01\/PiscineEden06.jpg 800w, https:\/\/www.edenbretignolles.com\/wp-content\/uploads\/2022\/01\/PiscineEden06-300x233.jpg 300w, https:\/\/www.edenbretignolles.com\/wp-content\/uploads\/2022\/01\/PiscineEden06-768x597.jpg 768w\" sizes=\"auto, (max-width: 800px) 100vw, 800px\" \/><\/figure><div class=\"wp-block-media-text__content\">\n<h2 class=\"wp-block-heading\" id=\"la-piscine-couverte-et-chauffee\">Das beheizte Hallenbad des Campingplatzes in Br\u00e9tignolles sur Mer<\/h2>\n\n\n\n<p>Ein Schwimmbad ist gut, aber ein <strong>\n  <a href=\"https:\/\/www.edenbretignolles.com\/de\/das-hallenbad\" data-type=\"page\" data-id=\"9792\">\u00fcberdachtes und beheiztes Schwimmbad<\/a>\n<\/strong>ist besser. So k\u00f6nnen Sie sie unabh\u00e4ngig vom <strong>Wetter<\/strong> mit einer Mindesttemperatur von 28 Grad voll auskosten. Das Schwimmbad des Campingplatzes ist ab dem 9. April bis zum 6. November ge\u00f6ffnet.<\/p>\n<\/div><\/div>\n","protected":false},"excerpt":{"rendered":"<p>Gro\u00dfz\u00fcgige Stellpl\u00e4tze in der Vend\u00e9e Die Gr\u00f6\u00dfe der Stellpl\u00e4tze ist sicherlich einer der ersten Pluspunkte des Campingplatzes L&#8217;EDEN mit einer durchschnittlichen Gr\u00f6\u00dfe von 160m2. Zusammen mit dem Komfort Ihres Mobilheims sorgen die ger\u00e4umigen Stellpl\u00e4tze, die durch hohe Hecken abgegrenzt sind, daf\u00fcr, dass Sie sich wie zu Hause f\u00fchlen. Seine Lage: in der N\u00e4he der sch\u00f6nsten [&hellip;]<\/p>\n","protected":false},"author":1,"featured_media":0,"parent":0,"menu_order":0,"comment_status":"open","ping_status":"closed","template":"","meta":{"_seopress_robots_primary_cat":"","_seopress_titles_title":"","_seopress_titles_desc":"","_seopress_robots_index":"","footnotes":""},"class_list":["post-11401","page","type-page","status-publish","hentry"],"_links":{"self":[{"href":"https:\/\/www.edenbretignolles.com\/de\/wp-json\/wp\/v2\/pages\/11401","targetHints":{"allow":["GET"]}}],"collection":[{"href":"https:\/\/www.edenbretignolles.com\/de\/wp-json\/wp\/v2\/pages"}],"about":[{"href":"https:\/\/www.edenbretignolles.com\/de\/wp-json\/wp\/v2\/types\/page"}],"author":[{"embeddable":true,"href":"https:\/\/www.edenbretignolles.com\/de\/wp-json\/wp\/v2\/users\/1"}],"replies":[{"embeddable":true,"href":"https:\/\/www.edenbretignolles.com\/de\/wp-json\/wp\/v2\/comments?post=11401"}],"version-history":[{"count":2,"href":"https:\/\/www.edenbretignolles.com\/de\/wp-json\/wp\/v2\/pages\/11401\/revisions"}],"predecessor-version":[{"id":11615,"href":"https:\/\/www.edenbretignolles.com\/de\/wp-json\/wp\/v2\/pages\/11401\/revisions\/11615"}],"wp:attachment":[{"href":"https:\/\/www.edenbretignolles.com\/de\/wp-json\/wp\/v2\/media?parent=11401"}],"curies":[{"name":"wp","href":"https:\/\/api.w.org\/{rel}","templated":true}]}}

Gute Gründe für einen Besuch auf dem Campingplatz Eden

<div class="wp-block-media-text alignwide is-stacked-on-mobile" style="grid-template-columns:40% auto"><figure class="wp-block-media-text__media"><img loading="lazy" decoding="async" width="1024" height="683" src="https://www.edenbretignolles.com/wp-content/uploads/2019/03/A-lOree-des-Fees-Camping-lEden-53-1024x683.jpg" alt="" class="wp-image-1622 size-full" srcset="https://www.edenbretignolles.com/wp-content/uploads/2019/03/A-lOree-des-Fees-Camping-lEden-53-1024x683.jpg 1024w, https://www.edenbretignolles.com/wp-content/uploads/2019/03/A-lOree-des-Fees-Camping-lEden-53-300x200.jpg 300w, https://www.edenbretignolles.com/wp-content/uploads/2019/03/A-lOree-des-Fees-Camping-lEden-53-768x512.jpg 768w, https://www.edenbretignolles.com/wp-content/uploads/2019/03/A-lOree-des-Fees-Camping-lEden-53.jpg 1500w" sizes="auto, (max-width: 1024px) 100vw, 1024px" /></figure><div class="wp-block-media-text__content">
<h2 class="wp-block-heading" id="les-emplacements">Großzügige Stellplätze in der Vendée</h2>



<p>Die Größe der Stellplätze ist sicherlich einer der ersten Pluspunkte des Campingplatzes L&#8217;EDEN mit einer<strong> durchschnittlichen Größe von 160m2</strong>. Zusammen mit dem Komfort Ihres Mobilheims sorgen die <strong>geräumigen Stellplätze</strong>, die <strong>durch hohe Hecken abgegrenzt</strong> sind, dafür, dass Sie sich wie zu Hause fühlen.</p>
</div></div>

<div class="wp-block-media-text alignwide has-media-on-the-right is-stacked-on-mobile" style="grid-template-columns:auto 40%"><figure class="wp-block-media-text__media"><img loading="lazy" decoding="async" width="1022" height="768" src="https://www.edenbretignolles.com/wp-content/uploads/2022/02/la-sauzaie-bretignolles-sur-mer-P1170219-2.jpg" alt="" class="wp-image-9991 size-full" srcset="https://www.edenbretignolles.com/wp-content/uploads/2022/02/la-sauzaie-bretignolles-sur-mer-P1170219-2.jpg 1022w, https://www.edenbretignolles.com/wp-content/uploads/2022/02/la-sauzaie-bretignolles-sur-mer-P1170219-2-300x225.jpg 300w, https://www.edenbretignolles.com/wp-content/uploads/2022/02/la-sauzaie-bretignolles-sur-mer-P1170219-2-768x577.jpg 768w" sizes="auto, (max-width: 1022px) 100vw, 1022px" /></figure><div class="wp-block-media-text__content">
<h2 class="wp-block-heading" id="sa-localisation">Seine Lage: in der Nähe der schönsten Strände der Vendée</h2>



<p>Seine Lage im Herzen von Brétignolles, <strong>350 m vom Stadtzentrum</strong> und den Geschäften und <strong>900 m vom <a href="https://www.edenbretignolles.com/de/die-straende-von-bretignolles-sur-mer" data-type="page" data-id="188">Strand</a></strong> entfernt, ist ebenfalls ein unbestreitbarer Vorteil. Sie können alles zu Fuß oder mit dem Fahrrad erledigen und Ihr Auto für die Dauer Ihres Aufenthalts völlig vergessen.</p>
</div></div>

<div class="wp-block-media-text alignwide is-stacked-on-mobile" style="grid-template-columns:40% auto"><figure class="wp-block-media-text__media"><img loading="lazy" decoding="async" width="1024" height="683" src="https://www.edenbretignolles.com/wp-content/uploads/2017/02/Eden2014_005-1024x683.jpg" alt="Location mobil-home et emplacements spacieux au Camping L'EDEN" class="wp-image-1071 size-full"/></figure><div class="wp-block-media-text__content">
<h2 class="wp-block-heading" id="son-calme-et-sa-securite">Seine Ruhe und Sicherheit</h2>



<p>Eine familiäre Struktur mit <strong>menschlicher Größe</strong> und 74 Stellplätzen auf 2,5 Hektar. Die Ruhe auf dem Campingplatz L&#8217;EDEN ist garantiert. Ihre Kinder können in aller Ruhe auf den Wegen Fahrrad fahren und auf dem Spielplatz des Campingplatzes in aller Sicherheit mit ihren Freunden spielen.</p>
</div></div>

<div class="wp-block-media-text alignwide has-media-on-the-right is-stacked-on-mobile" style="grid-template-columns:auto 40%"><figure class="wp-block-media-text__media"><img loading="lazy" decoding="async" width="1024" height="683" src="https://www.edenbretignolles.com/wp-content/uploads/2020/12/A-lOree-des-Fees-Camping-lEden-22-1024x683.jpg" alt="Camping avec emplacements spacieux à Brétignolles sur Mer" class="wp-image-5194 size-full" srcset="https://www.edenbretignolles.com/wp-content/uploads/2020/12/A-lOree-des-Fees-Camping-lEden-22-1024x683.jpg 1024w, https://www.edenbretignolles.com/wp-content/uploads/2020/12/A-lOree-des-Fees-Camping-lEden-22-300x200.jpg 300w, https://www.edenbretignolles.com/wp-content/uploads/2020/12/A-lOree-des-Fees-Camping-lEden-22-768x512.jpg 768w, https://www.edenbretignolles.com/wp-content/uploads/2020/12/A-lOree-des-Fees-Camping-lEden-22.jpg 1500w" sizes="auto, (max-width: 1024px) 100vw, 1024px" /></figure><div class="wp-block-media-text__content">
<h2 class="wp-block-heading" id="sa-large-gamme-de-mobil-homes-en-2-et-3-chambres">Seine große Auswahl an Mobilheimen mit 2 und 3 Schlafzimmern</h2>



<p>Auf dem Campingplatz L&#8217;EDEN bieten wir Ihnen insgesamt 4 Kategorien für die Vermietung von Mobilheimen mit 2 Schlafzimmern und 3 Kategorien für Mobilheime mit 3 Schlafzimmern an. Sie werden auf jeden Fall eine finden, die <strong>Ihren Wünschen und Ihrem Budget entspricht</strong>.</p>
</div></div>

<div class="wp-block-media-text alignwide is-stacked-on-mobile" style="grid-template-columns:40% auto"><figure class="wp-block-media-text__media"><img loading="lazy" decoding="async" width="1024" height="682" src="https://www.edenbretignolles.com/wp-content/uploads/2022/01/velo_promenade_amis_st_miche-1.jpg" alt="Fahrradtour in der Nähe des Campingplatzes" class="wp-image-9887 size-full" srcset="https://www.edenbretignolles.com/wp-content/uploads/2022/01/velo_promenade_amis_st_miche-1.jpg 1024w, https://www.edenbretignolles.com/wp-content/uploads/2022/01/velo_promenade_amis_st_miche-1-300x200.jpg 300w, https://www.edenbretignolles.com/wp-content/uploads/2022/01/velo_promenade_amis_st_miche-1-768x512.jpg 768w" sizes="auto, (max-width: 1024px) 100vw, 1024px" /></figure><div class="wp-block-media-text__content">
<h2 class="wp-block-heading" id="les-pistes-cyclables-en-acces-direct-du-camping">Fahrradwege mit direktem Zugang vom Campingplatz aus</h2>



<p>Vom Campingplatz L&#8217;EDEN aus haben Sie <strong>direkten Zugang zu<a href="https://www.edenbretignolles.com/de/erleben-sie-eine-sportliche-erfahrung">Rad-</a></strong>und Wanderwegen.<br/>Radfahren und Wandern sind sanfte Aktivitäten, die von Groß und Klein ausgeübt werden können. Nutzen Sie 12 km markierte Radwege am Meer und entdecken Sie die Landschaft von Brétignollaise.<br/>Sie haben die Möglichkeit, bis nach <a href="https://www.edenbretignolles.com/de/saint-gilles-croix-de-vie" data-type="page" data-id="544">St. Gilles Croix de Vie</a> oder <a href="https://www.edenbretignolles.com/de/les-sables-dolonne" data-type="page" data-id="546">Les Sables d&#8217;Olonne</a> zu fahren und dabei <strong>nicht nur am Meer, sondern auch an Sümpfen und Wäldern entlang</strong>zu wandern&#8230;<br/>Sie haben keinen Platz in Ihrem Fahrzeug, um Ihre Fahrräder mitzunehmen? Keine Sorge, <strong>in der Nähe des Campingplatzes L&#8217;EDEN gibt es</strong>einen <strong>Fahrradverleih</strong>.</p>
</div></div>

<div class="wp-block-media-text alignwide has-media-on-the-right is-stacked-on-mobile" style="grid-template-columns:auto 40%"><figure class="wp-block-media-text__media"><img loading="lazy" decoding="async" width="800" height="622" src="https://www.edenbretignolles.com/wp-content/uploads/2022/01/PiscineEden06.jpg" alt="Baden auf dem Campingplatz" class="wp-image-9837 size-full" srcset="https://www.edenbretignolles.com/wp-content/uploads/2022/01/PiscineEden06.jpg 800w, https://www.edenbretignolles.com/wp-content/uploads/2022/01/PiscineEden06-300x233.jpg 300w, https://www.edenbretignolles.com/wp-content/uploads/2022/01/PiscineEden06-768x597.jpg 768w" sizes="auto, (max-width: 800px) 100vw, 800px" /></figure><div class="wp-block-media-text__content">
<h2 class="wp-block-heading" id="la-piscine-couverte-et-chauffee">Das beheizte Hallenbad des Campingplatzes in Brétignolles sur Mer</h2>



<p>Ein Schwimmbad ist gut, aber ein <strong>
  <a href="https://www.edenbretignolles.com/de/das-hallenbad" data-type="page" data-id="9792">überdachtes und beheiztes Schwimmbad</a>
</strong>ist besser. So können Sie sie unabhängig vom <strong>Wetter</strong> mit einer Mindesttemperatur von 28 Grad voll auskosten. Das Schwimmbad des Campingplatzes ist ab dem 9. April bis zum 6. November geöffnet.</p>
</div></div>

<p>Großzügige Stellplätze in der Vendée Die Größe der Stellplätze ist sicherlich einer der ersten Pluspunkte des Campingplatzes L&#8217;EDEN mit einer durchschnittlichen Größe von 160m2. Zusammen mit dem Komfort Ihres Mobilheims sorgen die geräumigen Stellplätze, die durch hohe Hecken abgegrenzt sind, dafür, dass Sie sich wie zu Hause fühlen. Seine Lage: in der Nähe der schönsten [&hellip;]</p>
